[INFO] fetching crate oblivious-transfer 0.0.1...
[INFO] building oblivious-transfer-0.0.1 against master#881c1ac408d93bb7adaa3a51dabab9266e82eee8 for issue-85264
[INFO] extracting crate oblivious-transfer 0.0.1 into /workspace/builds/worker-0/source
[INFO] validating manifest of crates.io crate oblivious-transfer 0.0.1 on toolchain 881c1ac408d93bb7adaa3a51dabab9266e82eee8
[INFO] running `Command { std: "/workspace/cargo-home/bin/cargo" "+881c1ac408d93bb7adaa3a51dabab9266e82eee8" "metadata" "--manifest-path" "Cargo.toml" "--no-deps", kill_on_drop: false }`
[INFO] started tweaking crates.io crate oblivious-transfer 0.0.1
[INFO] finished tweaking crates.io crate oblivious-transfer 0.0.1
[INFO] tweaked toml for crates.io crate oblivious-transfer 0.0.1 written to /workspace/builds/worker-0/source/Cargo.toml
[INFO] running `Command { std: "/workspace/cargo-home/bin/cargo" "+881c1ac408d93bb7adaa3a51dabab9266e82eee8" "generate-lockfile" "--manifest-path" "Cargo.toml" "-Zno-index-update", kill_on_drop: false }`
[INFO] [stderr]     Blocking waiting for file lock on package cache
[INFO] running `Command { std: "/workspace/cargo-home/bin/cargo" "+881c1ac408d93bb7adaa3a51dabab9266e82eee8" "fetch" "--manifest-path" "Cargo.toml", kill_on_drop: false }`
[INFO] [stderr]  Downloading crates ...
[INFO] [stderr]   Downloaded stream-cipher v0.3.2
[INFO] [stderr]   Downloaded ctr v0.3.2
[INFO] [stderr]   Downloaded aes-ctr v0.3.0
[INFO] [stderr]   Downloaded packed_simd v0.3.3
[INFO] running `Command { std: "docker" "create" "-v" "/var/lib/crater-agent-workspace/builds/worker-0/target:/opt/rustwide/target:rw,Z" "-v" "/var/lib/crater-agent-workspace/builds/worker-0/source:/opt/rustwide/workdir:ro,Z" "-v" "/var/lib/crater-agent-workspace/cargo-home:/opt/rustwide/cargo-home:ro,Z" "-v" "/var/lib/crater-agent-workspace/rustup-home:/opt/rustwide/rustup-home:ro,Z" "-e" "SOURCE_DIR=/opt/rustwide/workdir" "-e" "CARGO_TARGET_DIR=/opt/rustwide/target" "-e" "CARGO_HOME=/opt/rustwide/cargo-home" "-e" "RUSTUP_HOME=/opt/rustwide/rustup-home" "-w" "/opt/rustwide/workdir" "-m" "1610612736" "--user" "0:0" "--network" "none" "ghcr.io/rust-lang/crates-build-env/linux@sha256:20528e8c29e4536546f0102ce88568b16ea7538393a33fcca951030f7af10457" "/opt/rustwide/cargo-home/bin/cargo" "+881c1ac408d93bb7adaa3a51dabab9266e82eee8" "metadata" "--no-deps" "--format-version=1", kill_on_drop: false }`
[INFO] [stderr] WARNING: Your kernel does not support swap limit capabilities or the cgroup is not mounted. Memory limited without swap.
[INFO] [stdout] f93af7d026d35ce41482132d273987ac5e26ae9a8bcdd1f5e4effb8ca1aee009
[INFO] running `Command { std: "docker" "start" "-a" "f93af7d026d35ce41482132d273987ac5e26ae9a8bcdd1f5e4effb8ca1aee009", kill_on_drop: false }`
[INFO] running `Command { std: "docker" "inspect" "f93af7d026d35ce41482132d273987ac5e26ae9a8bcdd1f5e4effb8ca1aee009", kill_on_drop: false }`
[INFO] running `Command { std: "docker" "rm" "-f" "f93af7d026d35ce41482132d273987ac5e26ae9a8bcdd1f5e4effb8ca1aee009", kill_on_drop: false }`
[INFO] [stdout] f93af7d026d35ce41482132d273987ac5e26ae9a8bcdd1f5e4effb8ca1aee009
[INFO] running `Command { std: "docker" "create" "-v" "/var/lib/crater-agent-workspace/builds/worker-0/target:/opt/rustwide/target:rw,Z" "-v" "/var/lib/crater-agent-workspace/builds/worker-0/source:/opt/rustwide/workdir:ro,Z" "-v" "/var/lib/crater-agent-workspace/cargo-home:/opt/rustwide/cargo-home:ro,Z" "-v" "/var/lib/crater-agent-workspace/rustup-home:/opt/rustwide/rustup-home:ro,Z" "-e" "SOURCE_DIR=/opt/rustwide/workdir" "-e" "CARGO_TARGET_DIR=/opt/rustwide/target" "-e" "CARGO_INCREMENTAL=0" "-e" "RUST_BACKTRACE=full" "-e" "RUSTFLAGS=--cap-lints=forbid" "-e" "CARGO_HOME=/opt/rustwide/cargo-home" "-e" "RUSTUP_HOME=/opt/rustwide/rustup-home" "-w" "/opt/rustwide/workdir" "-m" "1610612736" "--user" "0:0" "--network" "none" "ghcr.io/rust-lang/crates-build-env/linux@sha256:20528e8c29e4536546f0102ce88568b16ea7538393a33fcca951030f7af10457" "/opt/rustwide/cargo-home/bin/cargo" "+881c1ac408d93bb7adaa3a51dabab9266e82eee8" "build" "--frozen" "--message-format=json", kill_on_drop: false }`
[INFO] [stdout] 49f21b28fa7fc5d4e1452699f183c1fb208587e3d3b06e4abe7a5c96df4ee7c4
[INFO] [stderr] WARNING: Your kernel does not support swap limit capabilities or the cgroup is not mounted. Memory limited without swap.
[INFO] running `Command { std: "docker" "start" "-a" "49f21b28fa7fc5d4e1452699f183c1fb208587e3d3b06e4abe7a5c96df4ee7c4", kill_on_drop: false }`
[INFO] [stderr]    Compiling libc v0.2.95
[INFO] [stderr]    Compiling proc-macro2 v1.0.27
[INFO] [stderr]    Compiling unicode-xid v0.2.2
[INFO] [stderr]    Compiling syn v1.0.72
[INFO] [stderr]    Compiling cfg-if v1.0.0
[INFO] [stderr]    Compiling packed_simd v0.3.3
[INFO] [stderr]    Compiling opaque-debug v0.2.3
[INFO] [stderr]    Compiling ppv-lite86 v0.2.10
[INFO] [stderr]    Compiling cfg-if v0.1.10
[INFO] [stderr]    Compiling zeroize v1.3.0
[INFO] [stderr]    Compiling generic-array v0.12.4
[INFO] [stderr]    Compiling block-cipher-trait v0.6.2
[INFO] [stderr]    Compiling stream-cipher v0.3.2
[INFO] [stderr]    Compiling digest v0.8.1
[INFO] [stderr]    Compiling ctr v0.3.2
[INFO] [stderr]    Compiling aes-soft v0.3.3
[INFO] [stderr]    Compiling aes-ctr v0.3.0
[INFO] [stderr]    Compiling quote v1.0.9
[INFO] [stderr]    Compiling getrandom v0.1.16
[INFO] [stderr]    Compiling rand_core v0.5.1
[INFO] [stdout] error[E0432]: unresolved import `crate::arch::x86_64::_mm_movemask_pi8`
[INFO] [stdout]   --> /opt/rustwide/cargo-home/registry/src/github.com-1ecc6299db9ec823/packed_simd-0.3.3/src/codegen/reductions/mask/x86/sse.rs:47:21
[INFO] [stdout]    |
[INFO] [stdout] 47 |                 use crate::arch::x86_64::_mm_movemask_pi8;
[INFO] [stdout]    |                     ^^^^^^^^^^^^^^^^^^^^^----------------
[INFO] [stdout]    |                     |                    |
[INFO] [stdout]    |                     |                    help: a similar name exists in the module: `_mm_movemask_epi8`
[INFO] [stdout]    |                     no `_mm_movemask_pi8` in `arch::x86_64`
[INFO] [stdout]    | 
[INFO] [stdout]   ::: /opt/rustwide/cargo-home/registry/src/github.com-1ecc6299db9ec823/packed_simd-0.3.3/src/codegen/reductions/mask.rs:41:1
[INFO] [stdout]    |
[INFO] [stdout] 41 | impl_mask_reductions!(m8x8);
[INFO] [stdout]    | ---------------------------- in this macro invocation
[INFO] [stdout]    |
[INFO] [stdout]    = note: this error originates in a macro (in Nightly builds, run with -Z macro-backtrace for more info)
[INFO] [stdout] 
[INFO] [stdout] 
[INFO] [stdout] error[E0432]: unresolved import `crate::arch::x86_64::_mm_movemask_pi8`
[INFO] [stdout]   --> /opt/rustwide/cargo-home/registry/src/github.com-1ecc6299db9ec823/packed_simd-0.3.3/src/codegen/reductions/mask/x86/sse.rs:62:21
[INFO] [stdout]    |
[INFO] [stdout] 62 |                 use crate::arch::x86_64::_mm_movemask_pi8;
[INFO] [stdout]    |                     ^^^^^^^^^^^^^^^^^^^^^----------------
[INFO] [stdout]    |                     |                    |
[INFO] [stdout]    |                     |                    help: a similar name exists in the module: `_mm_movemask_epi8`
[INFO] [stdout]    |                     no `_mm_movemask_pi8` in `arch::x86_64`
[INFO] [stdout]    | 
[INFO] [stdout]   ::: /opt/rustwide/cargo-home/registry/src/github.com-1ecc6299db9ec823/packed_simd-0.3.3/src/codegen/reductions/mask.rs:41:1
[INFO] [stdout]    |
[INFO] [stdout] 41 | impl_mask_reductions!(m8x8);
[INFO] [stdout]    | ---------------------------- in this macro invocation
[INFO] [stdout]    |
[INFO] [stdout]    = note: this error originates in a macro (in Nightly builds, run with -Z macro-backtrace for more info)
[INFO] [stdout] 
[INFO] [stdout] 
[INFO] [stdout] error[E0432]: unresolved import `crate::arch::x86_64::_mm_movemask_pi8`
[INFO] [stdout]   --> /opt/rustwide/cargo-home/registry/src/github.com-1ecc6299db9ec823/packed_simd-0.3.3/src/codegen/reductions/mask/x86/sse.rs:47:21
[INFO] [stdout]    |
[INFO] [stdout] 47 |                 use crate::arch::x86_64::_mm_movemask_pi8;
[INFO] [stdout]    |                     ^^^^^^^^^^^^^^^^^^^^^----------------
[INFO] [stdout]    |                     |                    |
[INFO] [stdout]    |                     |                    help: a similar name exists in the module: `_mm_movemask_epi8`
[INFO] [stdout]    |                     no `_mm_movemask_pi8` in `arch::x86_64`
[INFO] [stdout]    | 
[INFO] [stdout]   ::: /opt/rustwide/cargo-home/registry/src/github.com-1ecc6299db9ec823/packed_simd-0.3.3/src/codegen/reductions/mask.rs:47:1
[INFO] [stdout]    |
[INFO] [stdout] 47 | impl_mask_reductions!(m16x4);
[INFO] [stdout]    | ----------------------------- in this macro invocation
[INFO] [stdout]    |
[INFO] [stdout]    = note: this error originates in a macro (in Nightly builds, run with -Z macro-backtrace for more info)
[INFO] [stdout] 
[INFO] [stdout] 
[INFO] [stdout] error[E0432]: unresolved import `crate::arch::x86_64::_mm_movemask_pi8`
[INFO] [stdout]   --> /opt/rustwide/cargo-home/registry/src/github.com-1ecc6299db9ec823/packed_simd-0.3.3/src/codegen/reductions/mask/x86/sse.rs:62:21
[INFO] [stdout]    |
[INFO] [stdout] 62 |                 use crate::arch::x86_64::_mm_movemask_pi8;
[INFO] [stdout]    |                     ^^^^^^^^^^^^^^^^^^^^^----------------
[INFO] [stdout]    |                     |                    |
[INFO] [stdout]    |                     |                    help: a similar name exists in the module: `_mm_movemask_epi8`
[INFO] [stdout]    |                     no `_mm_movemask_pi8` in `arch::x86_64`
[INFO] [stdout]    | 
[INFO] [stdout]   ::: /opt/rustwide/cargo-home/registry/src/github.com-1ecc6299db9ec823/packed_simd-0.3.3/src/codegen/reductions/mask.rs:47:1
[INFO] [stdout]    |
[INFO] [stdout] 47 | impl_mask_reductions!(m16x4);
[INFO] [stdout]    | ----------------------------- in this macro invocation
[INFO] [stdout]    |
[INFO] [stdout]    = note: this error originates in a macro (in Nightly builds, run with -Z macro-backtrace for more info)
[INFO] [stdout] 
[INFO] [stdout] 
[INFO] [stderr]    Compiling rand_chacha v0.2.2
[INFO] [stdout] error[E0432]: unresolved import `crate::arch::x86_64::_mm_movemask_pi8`
[INFO] [stdout]   --> /opt/rustwide/cargo-home/registry/src/github.com-1ecc6299db9ec823/packed_simd-0.3.3/src/codegen/reductions/mask/x86/sse.rs:47:21
[INFO] [stdout]    |
[INFO] [stdout] 47 |                 use crate::arch::x86_64::_mm_movemask_pi8;
[INFO] [stdout]    |                     ^^^^^^^^^^^^^^^^^^^^^----------------
[INFO] [stdout]    |                     |                    |
[INFO] [stdout]    |                     |                    help: a similar name exists in the module: `_mm_movemask_epi8`
[INFO] [stdout]    |                     no `_mm_movemask_pi8` in `arch::x86_64`
[INFO] [stdout]    | 
[INFO] [stdout]   ::: /opt/rustwide/cargo-home/registry/src/github.com-1ecc6299db9ec823/packed_simd-0.3.3/src/codegen/reductions/mask.rs:52:1
[INFO] [stdout]    |
[INFO] [stdout] 52 | impl_mask_reductions!(m32x2);
[INFO] [stdout]    | ----------------------------- in this macro invocation
[INFO] [stdout]    |
[INFO] [stdout]    = note: this error originates in a macro (in Nightly builds, run with -Z macro-backtrace for more info)
[INFO] [stdout] 
[INFO] [stdout] 
[INFO] [stdout] error[E0432]: unresolved import `crate::arch::x86_64::_mm_movemask_pi8`
[INFO] [stdout]   --> /opt/rustwide/cargo-home/registry/src/github.com-1ecc6299db9ec823/packed_simd-0.3.3/src/codegen/reductions/mask/x86/sse.rs:62:21
[INFO] [stdout]    |
[INFO] [stdout] 62 |                 use crate::arch::x86_64::_mm_movemask_pi8;
[INFO] [stdout]    |                     ^^^^^^^^^^^^^^^^^^^^^----------------
[INFO] [stdout]    |                     |                    |
[INFO] [stdout]    |                     |                    help: a similar name exists in the module: `_mm_movemask_epi8`
[INFO] [stdout]    |                     no `_mm_movemask_pi8` in `arch::x86_64`
[INFO] [stdout]    | 
[INFO] [stdout]   ::: /opt/rustwide/cargo-home/registry/src/github.com-1ecc6299db9ec823/packed_simd-0.3.3/src/codegen/reductions/mask.rs:52:1
[INFO] [stdout]    |
[INFO] [stdout] 52 | impl_mask_reductions!(m32x2);
[INFO] [stdout]    | ----------------------------- in this macro invocation
[INFO] [stdout]    |
[INFO] [stdout]    = note: this error originates in a macro (in Nightly builds, run with -Z macro-backtrace for more info)
[INFO] [stdout] 
[INFO] [stdout] 
[INFO] [stderr]    Compiling rand v0.7.3
[INFO] [stderr]    Compiling serde_derive v1.0.126
[INFO] [stdout] error: aborting due to 6 previous errors
[INFO] [stdout] 
[INFO] [stdout] 
[INFO] [stdout] For more information about this error, try `rustc --explain E0432`.
[INFO] [stdout] 
[INFO] [stderr] error: could not compile `packed_simd`
[INFO] [stderr] 
[INFO] [stderr] To learn more, run the command again with --verbose.
[INFO] [stderr] warning: build failed, waiting for other jobs to finish...
[INFO] [stderr] error: build failed
[INFO] running `Command { std: "docker" "inspect" "49f21b28fa7fc5d4e1452699f183c1fb208587e3d3b06e4abe7a5c96df4ee7c4", kill_on_drop: false }`
[INFO] running `Command { std: "docker" "rm" "-f" "49f21b28fa7fc5d4e1452699f183c1fb208587e3d3b06e4abe7a5c96df4ee7c4", kill_on_drop: false }`
[INFO] [stdout] 49f21b28fa7fc5d4e1452699f183c1fb208587e3d3b06e4abe7a5c96df4ee7c4
